[INFO] cloning repository https://github.com/kctess5/Simple_Renderer
[INFO] running `Command { std: "git" "-c" "credential.helper=" "-c" "credential.helper=/workspace/cargo-home/bin/git-credential-null" "clone" "--bare" "https://github.com/kctess5/Simple_Renderer" "/workspace/cache/git-repos/https%3A%2F%2Fgithub.com%2Fkctess5%2FSimple_Renderer", kill_on_drop: false }`
[INFO] [stderr] Cloning into bare repository '/workspace/cache/git-repos/https%3A%2F%2Fgithub.com%2Fkctess5%2FSimple_Renderer'...
[INFO] running `Command { std: "git" "rev-parse" "HEAD", kill_on_drop: false }`
[INFO] [stdout] f30ffb5e41020f2a738b909c8db6b2a028172cb9
[INFO] checking kctess5/Simple_Renderer against try#72f88fc4e9458f89516a0b8b0868f3718aec5b47 for pr-74989
[INFO] running `Command { std: "git" "clone" "/workspace/cache/git-repos/https%3A%2F%2Fgithub.com%2Fkctess5%2FSimple_Renderer" "/workspace/builds/worker-10/source", kill_on_drop: false }`
[INFO] [stderr] Cloning into '/workspace/builds/worker-10/source'...
[INFO] [stderr] done.
[INFO] validating manifest of git repo https://github.com/kctess5/Simple_Renderer on toolchain 72f88fc4e9458f89516a0b8b0868f3718aec5b47
[INFO] running `Command { std: "/workspace/cargo-home/bin/cargo" "+72f88fc4e9458f89516a0b8b0868f3718aec5b47" "read-manifest" "--manifest-path" "Cargo.toml", kill_on_drop: false }`
[INFO] started tweaking git repo https://github.com/kctess5/Simple_Renderer
[INFO] finished tweaking git repo https://github.com/kctess5/Simple_Renderer
[INFO] tweaked toml for git repo https://github.com/kctess5/Simple_Renderer written to /workspace/builds/worker-10/source/Cargo.toml
[INFO] crate git repo https://github.com/kctess5/Simple_Renderer already has a lockfile, it will not be regenerated
[INFO] running `Command { std: "/workspace/cargo-home/bin/cargo" "+72f88fc4e9458f89516a0b8b0868f3718aec5b47" "fetch" "--locked" "--manifest-path" "Cargo.toml", kill_on_drop: false }`
[INFO] [stderr] error: the lock file /workspace/builds/worker-10/source/Cargo.lock needs to be updated but --locked was passed to prevent this
[INFO] [stderr] If you want to try to generate the lock file without accessing the network, use the --offline flag.
[INFO] the lockfile is outdated, regenerating it
[INFO] running `Command { std: "/workspace/cargo-home/bin/cargo" "+72f88fc4e9458f89516a0b8b0868f3718aec5b47" "generate-lockfile" "--manifest-path" "Cargo.toml" "-Zno-index-update", kill_on_drop: false }`
[INFO] running `Command { std: "/workspace/cargo-home/bin/cargo" "+72f88fc4e9458f89516a0b8b0868f3718aec5b47" "fetch" "--locked" "--manifest-path" "Cargo.toml", kill_on_drop: false }`
[INFO] running `Command { std: "docker" "create" "-v" "/var/lib/crater-agent-workspace/builds/worker-10/target:/opt/rustwide/target:rw,Z" "-v" "/var/lib/crater-agent-workspace/builds/worker-10/source:/opt/rustwide/workdir:ro,Z" "-v" "/var/lib/crater-agent-workspace/cargo-home:/opt/rustwide/cargo-home:ro,Z" "-v" "/var/lib/crater-agent-workspace/rustup-home:/opt/rustwide/rustup-home:ro,Z" "-e" "SOURCE_DIR=/opt/rustwide/workdir" "-e" "CARGO_TARGET_DIR=/opt/rustwide/target" "-e" "CARGO_HOME=/opt/rustwide/cargo-home" "-e" "RUSTUP_HOME=/opt/rustwide/rustup-home" "-w" "/opt/rustwide/workdir" "-m" "1610612736" "--user" "0:0" "--network" "none" "rustops/crates-build-env@sha256:d92eaeed33fa75130ca1ee6c8a01d1ffb62bac859dfdfb3450e3e5d1c0146529" "/opt/rustwide/cargo-home/bin/cargo" "+72f88fc4e9458f89516a0b8b0868f3718aec5b47" "metadata" "--no-deps" "--format-version=1", kill_on_drop: false }`
[INFO] [stdout] cc51210e87444b086e6a0a2d50f826bf8d5f96499ac6cbc5daa243a36c1fa34a
[INFO] [stderr] WARNING: Your kernel does not support swap limit capabilities or the cgroup is not mounted. Memory limited without swap.
[INFO] running `Command { std: "docker" "start" "-a" "cc51210e87444b086e6a0a2d50f826bf8d5f96499ac6cbc5daa243a36c1fa34a", kill_on_drop: false }`
[INFO] running `Command { std: "docker" "inspect" "cc51210e87444b086e6a0a2d50f826bf8d5f96499ac6cbc5daa243a36c1fa34a", kill_on_drop: false }`
[INFO] running `Command { std: "docker" "rm" "-f" "cc51210e87444b086e6a0a2d50f826bf8d5f96499ac6cbc5daa243a36c1fa34a", kill_on_drop: false }`
[INFO] [stdout] cc51210e87444b086e6a0a2d50f826bf8d5f96499ac6cbc5daa243a36c1fa34a
[INFO] running `Command { std: "docker" "create" "-v" "/var/lib/crater-agent-workspace/builds/worker-10/target:/opt/rustwide/target:rw,Z" "-v" "/var/lib/crater-agent-workspace/builds/worker-10/source:/opt/rustwide/workdir:ro,Z" "-v" "/var/lib/crater-agent-workspace/cargo-home:/opt/rustwide/cargo-home:ro,Z" "-v" "/var/lib/crater-agent-workspace/rustup-home:/opt/rustwide/rustup-home:ro,Z" "-e" "SOURCE_DIR=/opt/rustwide/workdir" "-e" "CARGO_TARGET_DIR=/opt/rustwide/target" "-e" "CARGO_INCREMENTAL=0" "-e" "RUST_BACKTRACE=full" "-e" "RUSTFLAGS=--cap-lints=forbid" "-e" "CARGO_HOME=/opt/rustwide/cargo-home" "-e" "RUSTUP_HOME=/opt/rustwide/rustup-home" "-w" "/opt/rustwide/workdir" "-m" "1610612736" "--user" "0:0" "--network" "none" "rustops/crates-build-env@sha256:d92eaeed33fa75130ca1ee6c8a01d1ffb62bac859dfdfb3450e3e5d1c0146529" "/opt/rustwide/cargo-home/bin/cargo" "+72f88fc4e9458f89516a0b8b0868f3718aec5b47" "check" "--frozen" "--all" "--all-targets" "--message-format=json", kill_on_drop: false }`
[INFO] [stdout] db15213be614ea4cbd123937b9b5c119b757a5c86cf893de732366df43433fbd
[INFO] [stderr] WARNING: Your kernel does not support swap limit capabilities or the cgroup is not mounted. Memory limited without swap.
[INFO] running `Command { std: "docker" "start" "-a" "db15213be614ea4cbd123937b9b5c119b757a5c86cf893de732366df43433fbd", kill_on_drop: false }`
[INFO] [stderr]    Compiling autocfg v1.0.1
[INFO] [stderr]    Compiling log v0.4.11
[INFO] [stderr]    Compiling xml-rs v0.8.3
[INFO] [stderr]     Checking cfg-if v0.1.10
[INFO] [stderr]    Compiling proc-macro2 v0.4.30
[INFO] [stderr]    Compiling khronos_api v3.1.0
[INFO] [stderr]    Compiling bitflags v1.2.1
[INFO] [stderr]     Checking lazy_static v1.4.0
[INFO] [stderr]    Compiling libloading v0.6.3
[INFO] [stderr]    Compiling nix v0.14.1
[INFO] [stderr]     Checking slab v0.4.2
[INFO] [stderr]     Checking void v1.0.2
[INFO] [stderr]     Checking lazycell v1.3.0
[INFO] [stderr]    Compiling maybe-uninit v2.0.0
[INFO] [stderr]    Compiling pkg-config v0.3.18
[INFO] [stderr]     Checking downcast-rs v1.2.0
[INFO] [stderr]     Checking xdg v2.2.0
[INFO] [stderr]    Compiling cc v1.0.59
[INFO] [stderr]     Checking percent-encoding v2.1.0
[INFO] [stderr]    Compiling cgmath v0.16.1
[INFO] [stderr]     Checking rustc-demangle v0.1.16
[INFO] [stderr]     Checking piston-float v1.0.0
[INFO] [stderr]     Checking fnv v1.0.7
[INFO] [stderr]     Checking clock_ticks v0.1.1
[INFO] [stderr]     Checking lock_api v0.3.4
[INFO] [stderr]     Checking vecmath v1.0.0
[INFO] [stderr]     Checking iovec v0.1.4
[INFO] [stderr]     Checking net2 v0.2.35
[INFO] [stderr]     Checking parking_lot_core v0.7.2
[INFO] [stderr]     Checking memmap v0.7.0
[INFO] [stderr]     Checking shared_library v0.1.9
[INFO] [stderr]     Checking raw-window-handle v0.3.3
[INFO] [stderr]     Checking stb_truetype v0.3.1
[INFO] [stderr]     Checking osmesa-sys v0.1.2
[INFO] [stderr]     Checking parking_lot v0.10.2
[INFO] [stderr]     Checking dlib v0.4.2
[INFO] [stderr]     Checking mio v0.6.22
[INFO] [stderr]    Compiling num-traits v0.2.12
[INFO] [stderr]    Compiling miniz_oxide v0.4.2
[INFO] [stderr]    Compiling memoffset v0.5.5
[INFO] [stderr]    Compiling gl_generator v0.14.0
[INFO] [stderr]    Compiling x11-dl v2.18.5
[INFO] [stderr]     Checking wayland-sys v0.23.6
[INFO] [stderr]    Compiling quote v0.6.13
[INFO] [stderr]    Compiling wayland-scanner v0.23.6
[INFO] [stderr]    Compiling libloading v0.5.2
[INFO] [stderr]     Checking mio-extras v2.0.6
[INFO] [stderr]     Checking backtrace v0.3.50
[INFO] [stderr]    Compiling glutin_glx_sys v0.1.7
[INFO] [stderr]    Compiling glutin_egl_sys v0.1.5
[INFO] [stderr]    Compiling glium v0.27.0
[INFO] [stderr]     Checking ordered-float v1.1.0
[INFO] [stderr]     Checking approx v0.3.2
[INFO] [stderr]     Checking line_drawing v0.7.0
[INFO] [stderr]     Checking num-traits v0.1.43
[INFO] [stderr]     Checking rusttype v0.8.3
[INFO] [stderr]     Checking rusttype v0.7.9
[INFO] [stderr]     Checking andrew v0.2.1
[INFO] [stderr]    Compiling wayland-client v0.23.6
[INFO] [stderr]    Compiling wayland-protocols v0.23.6
[INFO] [stderr]     Checking genmesh v0.6.2
[INFO] [stderr]     Checking wayland-commons v0.23.6
[INFO] [stderr]     Checking calloop v0.4.4
[INFO] [stderr]     Checking smithay-client-toolkit v0.6.6
[INFO] [stderr]     Checking winit v0.22.2
[INFO] [stderr]     Checking glutin v0.24.1
[INFO] [stderr]     Checking simple_renderer v0.0.1 (/opt/rustwide/workdir)
[INFO] [stdout] error[E0432]: unresolved import `glium::DisplayBuild`
[INFO] [stdout]  --> src/main.rs:5:30
[INFO] [stdout]   |
[INFO] [stdout] 5 | use glium::{Surface, glutin, DisplayBuild};
[INFO] [stdout]   |                              ^^^^^^^^^^^^ no `DisplayBuild` in the root
[INFO] [stdout] 
[INFO] [stdout] 
[INFO] [stdout] error[E0432]: unresolved import `self::glutin::Event`
[INFO] [stdout]  --> src/color.rs:4:19
[INFO] [stdout]   |
[INFO] [stdout] 4 | use self::glutin::Event::KeyboardInput;
[INFO] [stdout]   |                   ^^^^^ could not find `Event` in `glutin`
[INFO] [stdout] 
[INFO] [stdout] 
[INFO] [stdout] error[E0432]: unresolved import `self::glutin::ElementState`
[INFO] [stdout]  --> src/color.rs:5:19
[INFO] [stdout]   |
[INFO] [stdout] 5 | use self::glutin::ElementState::Pressed;
[INFO] [stdout]   |                   ^^^^^^^^^^^^ could not find `ElementState` in `glutin`
[INFO] [stdout] 
[INFO] [stdout] 
[INFO] [stdout] error[E0432]: unresolved import `self::glutin::VirtualKeyCode`
[INFO] [stdout]  --> src/color.rs:6:5
[INFO] [stdout]   |
[INFO] [stdout] 6 | use self::glutin::VirtualKeyCode;
[INFO] [stdout]   |     ^^^^^^^^^^^^^^^^^^^^^^^^^^^^ no `VirtualKeyCode` in the root
[INFO] [stdout] 
[INFO] [stdout] 
[INFO] [stdout] error[E0432]: unresolved import `self::glutin::Event`
[INFO] [stdout]  --> src/light.rs:3:19
[INFO] [stdout]   |
[INFO] [stdout] 3 | use self::glutin::Event::KeyboardInput;
[INFO] [stdout]   |                   ^^^^^ could not find `Event` in `glutin`
[INFO] [stdout] 
[INFO] [stdout] 
[INFO] [stdout] error[E0432]: unresolved import `self::glutin::ElementState`
[INFO] [stdout]  --> src/light.rs:4:19
[INFO] [stdout]   |
[INFO] [stdout] 4 | use self::glutin::ElementState::Pressed;
[INFO] [stdout]   |                   ^^^^^^^^^^^^ could not find `ElementState` in `glutin`
[INFO] [stdout] 
[INFO] [stdout] 
[INFO] [stdout] error[E0432]: unresolved import `self::glutin::VirtualKeyCode`
[INFO] [stdout]  --> src/light.rs:5:5
[INFO] [stdout]   |
[INFO] [stdout] 5 | use self::glutin::VirtualKeyCode;
[INFO] [stdout]   |     ^^^^^^^^^^^^^^^^^^^^^^^^^^^^ no `VirtualKeyCode` in the root
[INFO] [stdout] 
[INFO] [stdout] 
[INFO] [stdout] error[E0432]: unresolved import `self::glutin::VirtualKeyCode`
[INFO] [stdout]  --> src/camera.rs:4:5
[INFO] [stdout]   |
[INFO] [stdout] 4 | use self::glutin::VirtualKeyCode;
[INFO] [stdout]   |     ^^^^^^^^^^^^^^^^^^^^^^^^^^^^ no `VirtualKeyCode` in the root
[INFO] [stdout] 
[INFO] [stdout] 
[INFO] [stdout] error[E0432]: unresolved import `self::glutin::ElementState`
[INFO] [stdout]    --> src/camera.rs:239:21
[INFO] [stdout]     |
[INFO] [stdout] 239 |         use self::glutin::ElementState::{Released, Pressed};
[INFO] [stdout]     |                           ^^^^^^^^^^^^ could not find `ElementState` in `glutin`
[INFO] [stdout] 
[INFO] [stdout] 
[INFO] [stdout] error[E0432]: unresolved import `self::glutin::Event`
[INFO] [stdout]    --> src/camera.rs:240:21
[INFO] [stdout]     |
[INFO] [stdout] 240 |         use self::glutin::Event::{KeyboardInput, MouseMoved, MouseInput};
[INFO] [stdout]     |                           ^^^^^ could not find `Event` in `glutin`
[INFO] [stdout] 
[INFO] [stdout] 
[INFO] [stdout] error[E0433]: failed to resolve: could not find `Event` in `glutin`
[INFO] [stdout]    --> src/main.rs:100:25
[INFO] [stdout]     |
[INFO] [stdout] 100 |                 glutin::Event::Closed => return support::Action::Stop,
[INFO] [stdout]     |                         ^^^^^ could not find `Event` in `glutin`
[INFO] [stdout] 
[INFO] [stdout] 
[INFO] [stdout] error[E0412]: cannot find type `Event` in crate `glutin`
[INFO] [stdout]   --> src/color.rs:24:50
[INFO] [stdout]    |
[INFO] [stdout] 24 |     pub fn process_input(&mut self, event: &glutin::Event) {
[INFO] [stdout]    |                                                     ^^^^^ not found in `glutin`
[INFO] [stdout]    |
[INFO] [stdout] help: consider importing this enum
[INFO] [stdout]    |
[INFO] [stdout] 4  | use glutin::event::Event;
[INFO] [stdout]    |
[INFO] [stdout] 
[INFO] [stdout] 
[INFO] [stdout] error[E0412]: cannot find type `Event` in crate `glutin`
[INFO] [stdout]   --> src/light.rs:22:50
[INFO] [stdout]    |
[INFO] [stdout] 22 |     pub fn process_input(&mut self, event: &glutin::Event) {
[INFO] [stdout]    |                                                     ^^^^^ not found in `glutin`
[INFO] [stdout]    |
[INFO] [stdout] help: consider importing this enum
[INFO] [stdout]    |
[INFO] [stdout] 3  | use glutin::event::Event;
[INFO] [stdout]    |
[INFO] [stdout] 
[INFO] [stdout] 
[INFO] [stdout] error[E0412]: cannot find type `Event` in crate `glutin`
[INFO] [stdout]    --> src/camera.rs:238:46
[INFO] [stdout]     |
[INFO] [stdout] 238 |     pub fn process_input(&mut self, e: &glutin::Event) {
[INFO] [stdout]     |                                                 ^^^^^ not found in `glutin`
[INFO] [stdout]     |
[INFO] [stdout] help: consider importing this enum
[INFO] [stdout]     |
[INFO] [stdout] 4   | use glutin::event::Event;
[INFO] [stdout]     |
[INFO] [stdout] 
[INFO] [stdout] 
[INFO] [stdout] error[E0433]: failed to resolve: could not find `WindowBuilder` in `glutin`
[INFO] [stdout]   --> src/main.rs:15:27
[INFO] [stdout]    |
[INFO] [stdout] 15 |     let display = glutin::WindowBuilder::new()
[INFO] [stdout]    |                           ^^^^^^^^^^^^^ not found in `glutin`
[INFO] [stdout]    |
[INFO] [stdout] help: consider importing this struct
[INFO] [stdout]    |
[INFO] [stdout] 5  | use glutin::window::WindowBuilder;
[INFO] [stdout]    |
[INFO] [stdout] 
[INFO] [stdout] 
[INFO] [stdout] warning: the item `BufRead` is imported redundantly
[INFO] [stdout]    --> src/obj_loader.rs:126:22
[INFO] [stdout]     |
[INFO] [stdout] 4   | use std::io::{BufRead};
[INFO] [stdout]     |               ------- the item `BufRead` is already imported here
[INFO] [stdout] ...
[INFO] [stdout] 126 |         use std::io::{self,BufRead};
[INFO] [stdout]     |                            ^^^^^^^
[INFO] [stdout]     |
[INFO] [stdout]     = note: `#[warn(unused_imports)]` on by default
[INFO] [stdout] 
[INFO] [stdout] 
[INFO] [stdout] warning: use of deprecated function `std::thread::sleep_ms`: replaced by `std::thread::sleep`
[INFO] [stdout]   --> src/support.rs:31:9
[INFO] [stdout]    |
[INFO] [stdout] 31 |         thread::sleep_ms(((time_stamp - accumulator) / 1000000) as u32);
[INFO] [stdout]    |         ^^^^^^^^^^^^^^^^
[INFO] [stdout]    |
[INFO] [stdout]    = note: `#[warn(deprecated)]` on by default
[INFO] [stdout] 
[INFO] [stdout] 
[INFO] [stdout] error[E0432]: unresolved import `glium::DisplayBuild`
[INFO] [stdout]  --> src/main.rs:5:30
[INFO] [stdout]   |
[INFO] [stdout] 5 | use glium::{Surface, glutin, DisplayBuild};
[INFO] [stdout]   |                              ^^^^^^^^^^^^ no `DisplayBuild` in the root
[INFO] [stdout] 
[INFO] [stdout] 
[INFO] [stdout] error[E0432]: unresolved import `self::glutin::Event`
[INFO] [stdout]  --> src/color.rs:4:19
[INFO] [stdout]   |
[INFO] [stdout] 4 | use self::glutin::Event::KeyboardInput;
[INFO] [stdout]   |                   ^^^^^ could not find `Event` in `glutin`
[INFO] [stdout] 
[INFO] [stdout] 
[INFO] [stdout] error[E0432]: unresolved import `self::glutin::ElementState`
[INFO] [stdout]  --> src/color.rs:5:19
[INFO] [stdout]   |
[INFO] [stdout] 5 | use self::glutin::ElementState::Pressed;
[INFO] [stdout]   |                   ^^^^^^^^^^^^ could not find `ElementState` in `glutin`
[INFO] [stdout] 
[INFO] [stdout] 
[INFO] [stdout] error[E0432]: unresolved import `self::glutin::VirtualKeyCode`
[INFO] [stdout]  --> src/color.rs:6:5
[INFO] [stdout]   |
[INFO] [stdout] 6 | use self::glutin::VirtualKeyCode;
[INFO] [stdout]   |     ^^^^^^^^^^^^^^^^^^^^^^^^^^^^ no `VirtualKeyCode` in the root
[INFO] [stdout] 
[INFO] [stdout] 
[INFO] [stdout] error[E0432]: unresolved import `self::glutin::Event`
[INFO] [stdout]  --> src/light.rs:3:19
[INFO] [stdout]   |
[INFO] [stdout] 3 | use self::glutin::Event::KeyboardInput;
[INFO] [stdout]   |                   ^^^^^ could not find `Event` in `glutin`
[INFO] [stdout] 
[INFO] [stdout] 
[INFO] [stdout] error[E0432]: unresolved import `self::glutin::ElementState`
[INFO] [stdout]  --> src/light.rs:4:19
[INFO] [stdout]   |
[INFO] [stdout] 4 | use self::glutin::ElementState::Pressed;
[INFO] [stdout]   |                   ^^^^^^^^^^^^ could not find `ElementState` in `glutin`
[INFO] [stdout] 
[INFO] [stdout] 
[INFO] [stdout] error[E0432]: unresolved import `self::glutin::VirtualKeyCode`
[INFO] [stdout]  --> src/light.rs:5:5
[INFO] [stdout]   |
[INFO] [stdout] 5 | use self::glutin::VirtualKeyCode;
[INFO] [stdout]   |     ^^^^^^^^^^^^^^^^^^^^^^^^^^^^ no `VirtualKeyCode` in the root
[INFO] [stdout] 
[INFO] [stdout] 
[INFO] [stdout] error[E0432]: unresolved import `self::glutin::VirtualKeyCode`
[INFO] [stdout]  --> src/camera.rs:4:5
[INFO] [stdout]   |
[INFO] [stdout] 4 | use self::glutin::VirtualKeyCode;
[INFO] [stdout]   |     ^^^^^^^^^^^^^^^^^^^^^^^^^^^^ no `VirtualKeyCode` in the root
[INFO] [stdout] 
[INFO] [stdout] 
[INFO] [stdout] error[E0432]: unresolved import `self::glutin::ElementState`
[INFO] [stdout]    --> src/camera.rs:239:21
[INFO] [stdout]     |
[INFO] [stdout] 239 |         use self::glutin::ElementState::{Released, Pressed};
[INFO] [stdout]     |                           ^^^^^^^^^^^^ could not find `ElementState` in `glutin`
[INFO] [stdout] 
[INFO] [stdout] 
[INFO] [stdout] error[E0432]: unresolved import `self::glutin::Event`
[INFO] [stdout]    --> src/camera.rs:240:21
[INFO] [stdout]     |
[INFO] [stdout] 240 |         use self::glutin::Event::{KeyboardInput, MouseMoved, MouseInput};
[INFO] [stdout]     |                           ^^^^^ could not find `Event` in `glutin`
[INFO] [stdout] 
[INFO] [stdout] 
[INFO] [stdout] error[E0433]: failed to resolve: could not find `Event` in `glutin`
[INFO] [stdout]    --> src/main.rs:100:25
[INFO] [stdout]     |
[INFO] [stdout] 100 |                 glutin::Event::Closed => return support::Action::Stop,
[INFO] [stdout]     |                         ^^^^^ could not find `Event` in `glutin`
[INFO] [stdout] 
[INFO] [stdout] 
[INFO] [stdout] error[E0412]: cannot find type `Event` in crate `glutin`
[INFO] [stdout]   --> src/color.rs:24:50
[INFO] [stdout]    |
[INFO] [stdout] 24 |     pub fn process_input(&mut self, event: &glutin::Event) {
[INFO] [stdout]    |                                                     ^^^^^ not found in `glutin`
[INFO] [stdout]    |
[INFO] [stdout] help: consider importing this enum
[INFO] [stdout]    |
[INFO] [stdout] 4  | use glutin::event::Event;
[INFO] [stdout]    |
[INFO] [stdout] 
[INFO] [stdout] 
[INFO] [stdout] error[E0412]: cannot find type `Event` in crate `glutin`
[INFO] [stdout]   --> src/light.rs:22:50
[INFO] [stdout]    |
[INFO] [stdout] 22 |     pub fn process_input(&mut self, event: &glutin::Event) {
[INFO] [stdout]    |                                                     ^^^^^ not found in `glutin`
[INFO] [stdout]    |
[INFO] [stdout] help: consider importing this enum
[INFO] [stdout]    |
[INFO] [stdout] 3  | use glutin::event::Event;
[INFO] [stdout]    |
[INFO] [stdout] 
[INFO] [stdout] 
[INFO] [stdout] error[E0412]: cannot find type `Event` in crate `glutin`
[INFO] [stdout]    --> src/camera.rs:238:46
[INFO] [stdout]     |
[INFO] [stdout] 238 |     pub fn process_input(&mut self, e: &glutin::Event) {
[INFO] [stdout]     |                                                 ^^^^^ not found in `glutin`
[INFO] [stdout]     |
[INFO] [stdout] help: consider importing this enum
[INFO] [stdout]     |
[INFO] [stdout] 4   | use glutin::event::Event;
[INFO] [stdout]     |
[INFO] [stdout] 
[INFO] [stdout] 
[INFO] [stdout] error[E0433]: failed to resolve: could not find `WindowBuilder` in `glutin`
[INFO] [stdout]   --> src/main.rs:15:27
[INFO] [stdout]    |
[INFO] [stdout] 15 |     let display = glutin::WindowBuilder::new()
[INFO] [stdout]    |                           ^^^^^^^^^^^^^ not found in `glutin`
[INFO] [stdout]    |
[INFO] [stdout] help: consider importing this struct
[INFO] [stdout]    |
[INFO] [stdout] 5  | use glutin::window::WindowBuilder;
[INFO] [stdout]    |
[INFO] [stdout] 
[INFO] [stdout] 
[INFO] [stdout] warning: the item `BufRead` is imported redundantly
[INFO] [stdout]    --> src/obj_loader.rs:126:22
[INFO] [stdout]     |
[INFO] [stdout] 4   | use std::io::{BufRead};
[INFO] [stdout]     |               ------- the item `BufRead` is already imported here
[INFO] [stdout] ...
[INFO] [stdout] 126 |         use std::io::{self,BufRead};
[INFO] [stdout]     |                            ^^^^^^^
[INFO] [stdout]     |
[INFO] [stdout]     = note: `#[warn(unused_imports)]` on by default
[INFO] [stdout] 
[INFO] [stdout] 
[INFO] [stdout] warning: use of deprecated function `std::thread::sleep_ms`: replaced by `std::thread::sleep`
[INFO] [stdout]   --> src/support.rs:31:9
[INFO] [stdout]    |
[INFO] [stdout] 31 |         thread::sleep_ms(((time_stamp - accumulator) / 1000000) as u32);
[INFO] [stdout]    |         ^^^^^^^^^^^^^^^^
[INFO] [stdout]    |
[INFO] [stdout]    = note: `#[warn(deprecated)]` on by default
[INFO] [stdout] 
[INFO] [stdout] 
[INFO] [stdout] error[E0560]: struct `DrawParameters<'_>` has no field named `depth_test`
[INFO] [stdout]   --> src/main.rs:84:13
[INFO] [stdout]    |
[INFO] [stdout] 84 |             depth_test: glium::DepthTest::IfLess,
[INFO] [stdout]    |             ^^^^^^^^^^ `DrawParameters<'_>` does not have this field
[INFO] [stdout]    |
[INFO] [stdout]    = note: available fields are: `depth`, `stencil`, `blend`, `color_mask`, `line_width` ... and 19 others
[INFO] [stdout] 
[INFO] [stdout] 
[INFO] [stdout] error[E0560]: struct `DrawParameters<'_>` has no field named `depth_write`
[INFO] [stdout]   --> src/main.rs:85:13
[INFO] [stdout]    |
[INFO] [stdout] 85 |             depth_write: true,
[INFO] [stdout]    |             ^^^^^^^^^^^ `DrawParameters<'_>` does not have this field
[INFO] [stdout]    |
[INFO] [stdout]    = note: available fields are: `depth`, `stencil`, `blend`, `color_mask`, `line_width` ... and 19 others
[INFO] [stdout] 
[INFO] [stdout] 
[INFO] [stdout] error[E0599]: no method named `poll_events` found for struct `glium::Display` in the current scope
[INFO] [stdout]   --> src/main.rs:98:30
[INFO] [stdout]    |
[INFO] [stdout] 98 |         for event in display.poll_events() {
[INFO] [stdout]    |                              ^^^^^^^^^^^ method not found in `glium::Display`
[INFO] [stdout] 
[INFO] [stdout] 
[INFO] [stdout] warning: use of deprecated associated function `glium::VertexBuffer::<T>::into_vertex_buffer_any`: use .into() instead.
[INFO] [stdout]    --> src/obj_loader.rs:145:77
[INFO] [stdout]     |
[INFO] [stdout] 145 |         glium::vertex::VertexBuffer::new(display, &self.objects.clone()).unwrap().into_vertex_buffer_any()
[INFO] [stdout]     |                                                                                   ^^^^^^^^^^^^^^^^^^^^^^
[INFO] [stdout] 
[INFO] [stdout] 
[INFO] [stdout] error[E0560]: struct `DrawParameters<'_>` has no field named `depth_test`
[INFO] [stdout]   --> src/main.rs:84:13
[INFO] [stdout]    |
[INFO] [stdout] 84 |             depth_test: glium::DepthTest::IfLess,
[INFO] [stdout]    |             ^^^^^^^^^^ `DrawParameters<'_>` does not have this field
[INFO] [stdout]    |
[INFO] [stdout]    = note: available fields are: `depth`, `stencil`, `blend`, `color_mask`, `line_width` ... and 19 others
[INFO] [stdout] 
[INFO] [stdout] 
[INFO] [stdout] error[E0560]: struct `DrawParameters<'_>` has no field named `depth_write`
[INFO] [stdout]   --> src/main.rs:85:13
[INFO] [stdout]    |
[INFO] [stdout] 85 |             depth_write: true,
[INFO] [stdout]    |             ^^^^^^^^^^^ `DrawParameters<'_>` does not have this field
[INFO] [stdout]    |
[INFO] [stdout]    = note: available fields are: `depth`, `stencil`, `blend`, `color_mask`, `line_width` ... and 19 others
[INFO] [stdout] 
[INFO] [stdout] 
[INFO] [stdout] error[E0282]: type annotations needed
[INFO] [stdout]   --> src/camera.rs:96:10
[INFO] [stdout]    |
[INFO] [stdout] 96 |             keys: Vec::new(),
[INFO] [stdout]    |                   ^^^^^^^^ cannot infer type for type parameter `T`
[INFO] [stdout] 
[INFO] [stdout] 
[INFO] [stdout] error: aborting due to 19 previous errors; 3 warnings emitted
[INFO] [stdout] 
[INFO] [stdout] 
[INFO] [stdout] Some errors have detailed explanations: E0282, E0412, E0432, E0433, E0560, E0599.
[INFO] [stdout] 
[INFO] [stdout] For more information about an error, try `rustc --explain E0282`.
[INFO] [stdout] 
[INFO] [stderr] error: could not compile `simple_renderer`.
[INFO] [stderr] 
[INFO] [stderr] To learn more, run the command again with --verbose.
[INFO] [stderr] warning: build failed, waiting for other jobs to finish...
[INFO] [stdout] error[E0599]: no method named `poll_events` found for struct `glium::Display` in the current scope
[INFO] [stdout]   --> src/main.rs:98:30
[INFO] [stdout]    |
[INFO] [stdout] 98 |         for event in display.poll_events() {
[INFO] [stdout]    |                              ^^^^^^^^^^^ method not found in `glium::Display`
[INFO] [stdout] 
[INFO] [stdout] 
[INFO] [stdout] warning: use of deprecated associated function `glium::VertexBuffer::<T>::into_vertex_buffer_any`: use .into() instead.
[INFO] [stdout]    --> src/obj_loader.rs:145:77
[INFO] [stdout]     |
[INFO] [stdout] 145 |         glium::vertex::VertexBuffer::new(display, &self.objects.clone()).unwrap().into_vertex_buffer_any()
[INFO] [stdout]     |                                                                                   ^^^^^^^^^^^^^^^^^^^^^^
[INFO] [stdout] 
[INFO] [stdout] 
[INFO] [stdout] error[E0282]: type annotations needed
[INFO] [stdout]   --> src/camera.rs:96:10
[INFO] [stdout]    |
[INFO] [stdout] 96 |             keys: Vec::new(),
[INFO] [stdout]    |                   ^^^^^^^^ cannot infer type for type parameter `T`
[INFO] [stdout] 
[INFO] [stdout] 
[INFO] [stdout] error: aborting due to 19 previous errors; 3 warnings emitted
[INFO] [stdout] 
[INFO] [stdout] 
[INFO] [stdout] Some errors have detailed explanations: E0282, E0412, E0432, E0433, E0560, E0599.
[INFO] [stdout] 
[INFO] [stdout] For more information about an error, try `rustc --explain E0282`.
[INFO] [stdout] 
[INFO] [stderr] error: build failed
[INFO] running `Command { std: "docker" "inspect" "db15213be614ea4cbd123937b9b5c119b757a5c86cf893de732366df43433fbd", kill_on_drop: false }`
[INFO] running `Command { std: "docker" "rm" "-f" "db15213be614ea4cbd123937b9b5c119b757a5c86cf893de732366df43433fbd", kill_on_drop: false }`
[INFO] [stdout] db15213be614ea4cbd123937b9b5c119b757a5c86cf893de732366df43433fbd
